 170 = 0. Let r = h + v. Is r a prime number?
False
Let w be (1/2*2)/1. Is w*2*(-66)/(-4) composite?
True
Suppose 0 = -z + 3*z + 6. Let a(i) = 5*i**2 + 3*i - 1. Is a(z) a composite number?
True
Suppose 4*w = -d - 10, -3*w - 17 = -d - 3*d. Suppose c - 1 = d. Is c a prime number?
True
Let d = 37 - -6. Is d composite?
False
Suppose 4*p = 5*p - 2. Is 0/(p - 6) + 55 a composite number?
True
Suppose 28 = a + a. Let b = 29 - a. Is b prime?
False
Is (5067/(-2))/(-9)*2 a composite number?
False
Let c be ((-12)/10)/(6/(-15)). Suppose 0*r + 189 = -c*r + 3*x, -x = -3*r - 191. Let u = 3 - r. Is u composite?
False
Let r = -512 + 319. Let k = r - -311. Is k composite?
True
Let m(q) = 255*q - 2. Is m(1) prime?
False
Suppose 3*r - h = 4, h + 3*h = 4*r + 8. Let t(b) = 5*b - 2. Is t(r) composite?
False
Suppose -6661 = -3*a - 4*z, 0 = -2*z + 8 - 0. Is a composite?
True
Let j be 2/(-1) + (-18)/(-3). Suppose -420 = -4*q - 2*k, -k + j*k + 112 = q. Is q composite?
True
Let z = -3 - -8. Let n be (8 - z)*(-2)/(-3). Suppose -u + 55 + 50 = n*m, -2*u - 10 = 0. Is m a composite number?
True
Let d = -14 - -4. Let s = d + 75. Is s composite?
True
Suppose -m - 684 = -b, 6*m + 1373 = 2*b + 3*m. Is b composite?
True
Suppose -56*r = -57*r + 211. Is r a composite number?
False
Is ((-495)/(-18))/(2/(-4)*-1) composite?
True
Suppose 2*s = -3*s. Suppose s = -2*x + 232 + 6. Is x a composite number?
True
Let v(i) = -i**3 + 4*i**2 + 6*i - 4. Let b be v(4). Suppose 7*l = 2*l + b. Is (-26 + l)*(-7)/2 a composite number?
True
Suppose 4 - 6 = d. Let a be 4*(d + (-369)/(-12)). Is (1 + -2)*-1*a composite?
True
Suppose -5*z = h + 19 + 4, -30 = -5*h + 4*z. Suppose 0 = 4*q - 2*s - 181 - 29, q - h*s - 51 = 0. Is q a composite number?
False
Is 5/(140/13464) + (-3)/(-21) a prime number?
False
Let o(v) = v**2 + 11*v + 9. Let d be o(-10). Is (4 + -5)/(d/907) a prime number?
True
Let k(g) = -g**3 + 2*g**2 + g - 1. Let m be k(2). Let t = m - 5. Let f(j) = j**3 + 5*j**2 - j - 1. Is f(t) composite?
False
Let b(l) = -120*l - 13. Is b(-6) prime?
False
Suppose 0 = 5*l - 1929 + 74. Is l a prime number?
False
Suppose 0 = -3*b - 5*u + 1609, 5*u = 3*b + 2*u - 1593. Let s = b - 375. Is s composite?
True
Suppose 4*d - 11 - 113 = 0. Is d composite?
False
Suppose -4*c - 12 - 77 = -5*n, -1 = c. Suppose 4*r - n = -1. Suppose -r*q = -0*q - 24. Is q a composite number?
True
Let q = 10 + -10. Is (4 + q)*(-636)/(-48) a prime number?
True
Let m(u) = 294*u - 1. Let n(w) = w**3 - 14*w**2 - 14*w - 14. Let b be n(15). Is m(b) composite?
False
Is 2059/11 + 10/(-55) composite?
True
Suppose 0*i - 2746 = -2*i. Is i composite?
False
Is (4*(-4)/6 + 3)*489 a composite number?
False
Suppose 4*p = -1 + 9. Suppose 3*s - p*s - 15 = 0. Is s composite?
True
Let s = 13 + -12. Is (58 + 1)*(2 - s) composite?
False
Suppose -2*g + 4*q - 60 = 2*g, -50 = 4*g - 2*q. Let o be (3 + 136)/((-2)/g). Suppose 0 = -4*a + o - 219. Is a composite?
True
Suppose 43 = -5*k - 7. Let m(h) = -3*h + 1. Is m(k) a composite number?
False
Let b = 24 - 18. Suppose -4 = 4*z, -4*z = -4*a - b*z + 234. Is a a composite number?
False
Let t(p) = 7*p + 4. Let w be t(-4). Let z = 1 - 1. Is (1 + w)/(-1 + z) prime?
True
Is ((-11)/(-2))/(4/16) prime?
False
Suppose 5*l = 251 + 74. Let g be 250/l + 2/13. Suppose -155 - 153 = -g*f. Is f a composite number?
True
Suppose 0 = -b + 5*o + 934, -2*o + 10 = 3*o. Let h = b - 565. Is h prime?
True
Let d be (-15 - -7)/((-2)/1). Suppose 2*f + 2*y = 148, 59 = -0*f + f + d*y. Is f a composite number?
False
Is -4837*2/(-5 - -3) a composite number?
True
Let z = -567 - -266. Let b = -170 - z. Is b composite?
False
Let d(r) = r**3 + r**2 - r + 662. Let t be d(0). Suppose -t = -3*i + i. Is i a composite number?
False
Suppose 0*b - 3344 = 4*b. Let l = 338 + b. Is l/(-26) + 8/(-52) a composite number?
False
Let s be (6/18)/((-2)/(-12)). Suppose 147 = i + s*i. Is i composite?
True
Let f(x) = 2*x**2 - 2*x - 1. Suppose 3*z - 4*d + 2 = -2*z, -5*d + 11 = -2*z. Let n be f(z). Suppose n*c + 0*h - 4*h = 51, 0 = -c - 5*h + 36. Is c prime?
False
Let u(a) = -a**3 + 12*a**2 + 6*a + 7. Is u(6) a prime number?
False
Let b = 9 + -6. Suppose -b*d - 4220 = -7*d. Suppose 0 = -4*y, 5*y + d = 5*a + y. Is a prime?
True
Suppose -9653 = 11*s - 42598. Is s composite?
True
Let z(b) = b + 5. Let c(o) = -4*o**2 - 1. Let k be c(-1). Let a be z(k). Suppose a*s + 8 = 4*s. Is s a prime number?
True
Let r(i) = 4046*i**2 - 3*i + 2. Is r(1) composite?
True
Is (-3 - -1345) + -5 + 0 a prime number?
False
Let i = -25 - -418. Is i composite?
True
Suppose -12 = 2*r - 5*r. Let m be r/10 - 40/(-25). Suppose -4*c = 3*w - 365, m*w + 2*c - 243 - 3 = 0. Is w composite?
False
Suppose 4*q = 4*l + 1952, 3*l - 20 = -l. Is q composite?
True
Suppose -2*k - 4 = -4*b, -2*k - 4 = -3*b - 0. Let c be 3 + -3 - (k - -1). Is c + 47 + -2 + 0 a composite number?
True
Let x(m) = 10*m**2 - 2*m + 3. Let o be x(-3). Suppose 3*z - 6*z - 204 = 0. Let d = z + o. Is d a prime number?
True
Let j = 13 - 222. Let d = j - -352. Is d a prime number?
False
Suppose -3*w = 5*n - 2 + 10, -w + 8 = -n. Suppose 0*q = w*q - 52. Is q composite?
False
Suppose 4*l - 2033 = -2*p - 605, -347 = -l - 3*p. Is l a prime number?
True
Suppose 2*z - z - 427 = 0. Is z prime?
False
Let u = 2 + 1. Suppose 1011 = u*c - 54. Is c composite?
True
Suppose -7*n = -2*n - 500. Suppose -2*s + 110 = 4*j, 6*j = 3*j - 5*s + n. Let x = 62 - j. Is x a prime number?
True
Let b(p) be the third derivative of -3*p**6/4 + p**5/30 + p**4/12 + p**3/6 - p**2. Suppose -1 = -2*a + 3*a + w, 2*a + 4*w = -2. Is b(a) a prime number?
False
Let p = -1 - -3. Suppose -p*c - 2*c - 10 = 2*s, -s - 4 = c. Is 2 - (-18 - (c + 0)) a composite number?
False
Let y(s) = 34*s + 1. Is y(2) prime?
False
Let q(t) = t**3 + 5*t**2 - 8*t - 5. Let c(x) = x**2 - 6*x - 5. Let i be c(6). Is q(i) a prime number?
False
Suppose -3*c - 6 = 0, 4*k - c = -12 + 242. Let d = -319 + 588. Suppose 4*h - d = -k. Is h a composite number?
False
Let o(w) = -91*w**3 - w**2 + 1. Suppose 0 = 5*d + 4*f - 27, -5*d + 3 + 9 = -f. Suppose 0 = -d*h - h - 4*q + 16, -3*q = -h - 16. Is o(h) a prime number?
False
Let m(i) = -119*i + 26. Is m(-19) composite?
False
Let k = 145 - 13. Suppose -3*c - k = -7*c. Is c a composite number?
True
Let j = -56 - -114. Is j a prime number?
False
Let j be ((-2)/5)/(4/(-20)). Is (88 - 3) + j + -1 a composite number?
True
Let c(p) = p - 1. Let x(n) = -337*n**2 + 4*n - 4. Let g(l) = 3*c(l) - x(l). Is g(1) a composite number?
False
Let m be 27*(3 - 5/3). Let x = m + -5. Is x a composite number?
False
Suppose -4*q - 6 = -q. Let a = q + 4. Suppose -a*w + 18 = w. Is w prime?
False
Let u = 90 + 7. Is u prime?
True
Let g(v) = 1. Let r(i) = i. Let m(p) = -3*g(p) + 4*r(p). Let a be m(-8). Let s = 4 - a. Is s composite?
True
Suppose -3*k + 3 - 9 = 0. Let z = k - -5. Suppose 2*o = -3*t + 4*t - 37, 0 = -z*t + o + 96. Is t a composite number?
False
Let o(p) = -44*p + 19. Is o(-20) composite?
True
Let g be 27 - (1 + (-4)/4). Suppose 2*s = g + 79. Is s a composite number?
False
Suppose -3*a + 5*m + 612 = 0, -m - 426 + 18 = -2*a. Suppose -n = 3*n - a. Is n composite?
True
Let b = 220 - 71. Is b prime?
True
Let j(q) be the first derivative of -q**3/3 + 5*q**2/2 + 7*q - 2. Let f be j(6). Is f*2/(-2) - -38 a prime number?
True
Let k(g) = g - 2. Let t be k(7). Suppose t*l + 1 - 56 = 0. Is l a composite number?
False
Let d = -38 + 62. Is (-18)/d + 79/4 a prime number?
True
Is (-4 + 3)/((-3)/249) composite?
False
Suppose 2*t - 30 = -2*g - t, -3*g + t + 56 = 0. Let p = 35 + g. Is p prime?
True
Is (901/(-4))/(7/(-28)) a composite number?
True
Let k be (-2)/(-10)*-8*-20. Let n = 71 - k. Let o = n + -16. Is o a composite number?
False
Let o(q) be the second derivative of 5*q**4/12 + 4*q**3/3 - 5*q**2/2 - 2*q. Suppose -44 = 4*x - 5*f, 3*x + f = -0*f - 14. Is o(x) prime?
True
Suppose 0*o + 1520 = 3*k - o, -2*k = -2*o - 1008. Let u = k - 214. Let w = u + -161. Is w composite?
True
Suppose -3*z + 3*p + 67 = -2*p, 0 = 4*z - 4*p - 76. Is z/(28/13 - 2) composite?
True
Let s be 3/(-6) + 1/(-2). Let m be s*((-1)/1 - -1). Let p(j) = -j**2 - j + 21. Is p(m) composite?
True
Let n be (-1 + 5)*(-3)/(-6). Is 6/n - (-76 + 0) composite?
False
Let k(g) = -2*g**3 - 6*g**2 - 6*g - 7. Is k(-5) prime?
False
Let p(y) = y**2 - 7*y - 9. 